{"id":178785,"date":"2015-12-22T12:54:13","date_gmt":"2015-12-22T12:54:13","guid":{"rendered":"https:\/\/staging.laplanetedesenfants.com\/product\/boxer-de-bain-spiderman\/"},"modified":"2015-12-22T12:54:13","modified_gmt":"2015-12-22T12:54:13","slug":"boxer-de-bain-spiderman","status":"publish","type":"product","link":"https:\/\/staging.laplanetedesenfants.com\/de\/produit\/boxer-de-bain-spiderman\/","title":{"rendered":"Boxer de Bain Spiderman"},"content":{"rendered":"<p>Boxer de bain Spiderman. Taille et finition \u00e9lastique. Lacets internes au niveau de la taille \u00e0 reserrer. Mati\u00e8re: 40% polyamide, 40% polyester, 20% elasthane. Entretien: lavage \u00e0 40 \u00b0C<\/p>\n","protected":false},"excerpt":{"rendered":"<p>Boxer de bain Spiderman. Taille et finition \u00e9lastique. Lacets internes au niveau de la taille \u00e0 reserrer. Mati\u00e8re: 40% polyamide, 40% polyester, 20% elasthane. Entretien: lavage \u00e0 40 \u00b0C<\/p>\n","protected":false},"featured_media":178564,"template":"","meta":[],"product_brand":[],"product_cat":[13506,13704,13527,13509,13485,13512,13503,13488],"product_tag":[],"class_list":["post-178785","product","type-product","status-publish","has-post-thumbnail","product_cat-alle-produkte-de","product_cat-bademode-de","product_cat-jungen-de","product_cat-sommer-de","product_cat-accueil-de","product_cat-strand-de","product_cat-was-ist-neu-de","product_cat-accessoires-de","pa_couleur-blau-de","pa_couleur-marine-de","pa_couleur-rot-de","pa_genre-garcon-de","pa_taille-3ans_98cm-de","pa_taille-4ans_104cm-de","pa_taille-5ans_110cm-de","pa_taille-6ans_116cm-de","pa_taille-7ans_122cm-de","pa_taille-8ans_128cm-de","first","instock","sale","shipping-taxable","purchasable","product-type-variable","has-default-attributes"],"_links":{"self":[{"href":"https:\/\/staging.laplanetedesenfants.com\/de\/wp-json\/wp\/v2\/product\/178785","targetHints":{"allow":["GET"]}}],"collection":[{"href":"https:\/\/staging.laplanetedesenfants.com\/de\/wp-json\/wp\/v2\/product"}],"about":[{"href":"https:\/\/staging.laplanetedesenfants.com\/de\/wp-json\/wp\/v2\/types\/product"}],"version-history":[{"count":0,"href":"https:\/\/staging.laplanetedesenfants.com\/de\/wp-json\/wp\/v2\/product\/178785\/revisions"}],"wp:featuredmedia":[{"embeddable":true,"href":"https:\/\/staging.laplanetedesenfants.com\/de\/wp-json\/wp\/v2\/media\/178564"}],"wp:attachment":[{"href":"https:\/\/staging.laplanetedesenfants.com\/de\/wp-json\/wp\/v2\/media?parent=178785"}],"wp:term":[{"taxonomy":"product_brand","embeddable":true,"href":"https:\/\/staging.laplanetedesenfants.com\/de\/wp-json\/wp\/v2\/product_brand?post=178785"},{"taxonomy":"product_cat","embeddable":true,"href":"https:\/\/staging.laplanetedesenfants.com\/de\/wp-json\/wp\/v2\/product_cat?post=178785"},{"taxonomy":"product_tag","embeddable":true,"href":"https:\/\/staging.laplanetedesenfants.com\/de\/wp-json\/wp\/v2\/product_tag?post=178785"}],"curies":[{"name":"wp","href":"https:\/\/api.w.org\/{rel}","templated":true}]}}

<p>Boxer de bain Spiderman. Taille et finition élastique. Lacets internes au niveau de la taille à reserrer. Matière: 40% polyamide, 40% polyester, 20% elasthane. Entretien: lavage à 40 °C</p>
