{"id":269717,"date":"2017-10-23T11:34:36","date_gmt":"2017-10-23T11:34:36","guid":{"rendered":"https:\/\/staging.laplanetedesenfants.com\/product\/bonnet-a-pompon-sam-le-pompier\/"},"modified":"2017-10-23T11:34:36","modified_gmt":"2017-10-23T11:34:36","slug":"bonnet-a-pompon-sam-le-pompier","status":"publish","type":"product","link":"https:\/\/staging.laplanetedesenfants.com\/de\/produit\/bonnet-a-pompon-sam-le-pompier\/","title":{"rendered":"Bonnet \u00e0 Pompon Sam Le Pompier"},"content":{"rendered":"<p>La Plan\u00e8te des Enfants vous propose ce bonnet \u00e0 pompon sam le pompier<br \/>Celui-ci a son image brod\u00e9e au devant du bonnet qui garantie une tenue parfaite tout au long de son utilisation.<\/p>\n<p>\u00b7 Taille Unique<br \/>\u00b7 Mati\u00e8re: 100% acrylique<br \/>\u00b7 Entretien: Lavage \u00e0 40\u00b0C.<\/p>\n","protected":false},"excerpt":{"rendered":"<p>La Plan\u00e8te des Enfants vous propose ce bonnet \u00e0 pompon sam le pompier<br \/>Celui-ci a son image brod\u00e9e au devant du bonnet qui garantie une tenue parfaite tout au long de son utilisation.<\/p>\n<p>\u00b7 Taille Unique<br \/>\u00b7 Mati\u00e8re: 100% acrylique<br \/>\u00b7 Entretien: Lavage \u00e0 40\u00b0C.<\/p>\n","protected":false},"featured_media":269671,"template":"","meta":[],"product_brand":[],"product_cat":[13701,13548,13527,13503,13488],"product_tag":[],"class_list":["post-269717","product","type-product","status-publish","has-post-thumbnail","product_cat-echarpes-gants-bonnets-de","product_cat-herbst-winter-ausverkauf-2023-de","product_cat-jungen-de","product_cat-was-ist-neu-de","product_cat-accessoires-de","pa_couleur-blau-de","pa_couleur-marine-de","pa_couleur-rot-de","first","instock","shipping-taxable","purchasable","product-type-variable","has-default-attributes"],"_links":{"self":[{"href":"https:\/\/staging.laplanetedesenfants.com\/de\/wp-json\/wp\/v2\/product\/269717","targetHints":{"allow":["GET"]}}],"collection":[{"href":"https:\/\/staging.laplanetedesenfants.com\/de\/wp-json\/wp\/v2\/product"}],"about":[{"href":"https:\/\/staging.laplanetedesenfants.com\/de\/wp-json\/wp\/v2\/types\/product"}],"version-history":[{"count":0,"href":"https:\/\/staging.laplanetedesenfants.com\/de\/wp-json\/wp\/v2\/product\/269717\/revisions"}],"wp:featuredmedia":[{"embeddable":true,"href":"https:\/\/staging.laplanetedesenfants.com\/de\/wp-json\/wp\/v2\/media\/269671"}],"wp:attachment":[{"href":"https:\/\/staging.laplanetedesenfants.com\/de\/wp-json\/wp\/v2\/media?parent=269717"}],"wp:term":[{"taxonomy":"product_brand","embeddable":true,"href":"https:\/\/staging.laplanetedesenfants.com\/de\/wp-json\/wp\/v2\/product_brand?post=269717"},{"taxonomy":"product_cat","embeddable":true,"href":"https:\/\/staging.laplanetedesenfants.com\/de\/wp-json\/wp\/v2\/product_cat?post=269717"},{"taxonomy":"product_tag","embeddable":true,"href":"https:\/\/staging.laplanetedesenfants.com\/de\/wp-json\/wp\/v2\/product_tag?post=269717"}],"curies":[{"name":"wp","href":"https:\/\/api.w.org\/{rel}","templated":true}]}}

Bonnet à Pompon Sam Le Pompier

<p>La Planète des Enfants vous propose ce bonnet à pompon sam le pompier<br />Celui-ci a son image brodée au devant du bonnet qui garantie une tenue parfaite tout au long de son utilisation.</p>
<p>· Taille Unique<br />· Matière: 100% acrylique<br />· Entretien: Lavage à 40°C.</p>
