{"id":174779,"date":"2015-12-22T12:27:13","date_gmt":"2015-12-22T12:27:13","guid":{"rendered":"https:\/\/staging.laplanetedesenfants.com\/staging\/product\/bonnet-a-pompon-paw-patrol-pat-patrouille-2\/"},"modified":"2015-12-22T12:27:13","modified_gmt":"2015-12-22T12:27:13","slug":"bonnet-a-pompon-paw-patrol-pat-patrouille-2","status":"publish","type":"product","link":"https:\/\/staging.laplanetedesenfants.com\/staging\/produit\/bonnet-a-pompon-paw-patrol-pat-patrouille-2\/","title":{"rendered":"Bonnet \u00e0 Pompon Paw patrol &#8211; Pat patrouille"},"content":{"rendered":"<p>La Plan\u00e8te des Enfants vous pr\u00e9sente ce splendide Bonnet \u00e0 Pompon Pat&#8217; Patrouille (Paw PAtrol) ray\u00e9.<br \/>Celui ci, a son image cousue au devant du bonnet, ce qui lui garantit une tenue parfaite tout au long de son utilisation.<br \/>Ce Bonnet \u00e0 Pompon Minions prot\u00e8gera vos enfants durant tout l&#8217;hiver.<br \/>Taille unique<br \/>Mati\u00e8re: 100% acrylique<br \/>Entretien: Lavage \u00e0 40\u00b0C<\/p>\n","protected":false},"excerpt":{"rendered":"<p>La Plan\u00e8te des Enfants vous propose ce bonnet \u00e0 pompon ray\u00e9 Pat&#8217; Patrouille (Paw PAtrol).<br \/>Celui-ci a son image brod\u00e9e au devant du bonnet qui garantie une tenue parfaite tout au long de son utilisation.<\/p>\n<p>\u00b7 Taille Unique<br \/>\u00b7 Mati\u00e8re: 100% acrylique<br \/>\u00b7 Entretien: Lavage \u00e0 40\u00b0C.<\/p>\n","protected":false},"featured_media":174772,"template":"","meta":[],"product_brand":[],"product_cat":[13483],"product_tag":[13454,14625,13455,13439,14624],"class_list":{"0":"post-174779","1":"product","2":"type-product","3":"status-publish","4":"has-post-thumbnail","6":"product_cat-accueil","7":"product_tag-bonnet-a-pompon","8":"product_tag-bonnet-a-pompon-cars","9":"product_tag-bonnet-a-pompons","10":"product_tag-bonnets","11":"product_tag-paw-patrol","13":"first","14":"instock","15":"sale","16":"shipping-taxable","17":"purchasable","18":"product-type-variable","19":"has-default-attributes"},"_links":{"self":[{"href":"https:\/\/staging.laplanetedesenfants.com\/staging\/wp-json\/wp\/v2\/product\/174779","targetHints":{"allow":["GET"]}}],"collection":[{"href":"https:\/\/staging.laplanetedesenfants.com\/staging\/wp-json\/wp\/v2\/product"}],"about":[{"href":"https:\/\/staging.laplanetedesenfants.com\/staging\/wp-json\/wp\/v2\/types\/product"}],"version-history":[{"count":0,"href":"https:\/\/staging.laplanetedesenfants.com\/staging\/wp-json\/wp\/v2\/product\/174779\/revisions"}],"wp:featuredmedia":[{"embeddable":true,"href":"https:\/\/staging.laplanetedesenfants.com\/staging\/wp-json\/wp\/v2\/media\/174772"}],"wp:attachment":[{"href":"https:\/\/staging.laplanetedesenfants.com\/staging\/wp-json\/wp\/v2\/media?parent=174779"}],"wp:term":[{"taxonomy":"product_brand","embeddable":true,"href":"https:\/\/staging.laplanetedesenfants.com\/staging\/wp-json\/wp\/v2\/product_brand?post=174779"},{"taxonomy":"product_cat","embeddable":true,"href":"https:\/\/staging.laplanetedesenfants.com\/staging\/wp-json\/wp\/v2\/product_cat?post=174779"},{"taxonomy":"product_tag","embeddable":true,"href":"https:\/\/staging.laplanetedesenfants.com\/staging\/wp-json\/wp\/v2\/product_tag?post=174779"}],"curies":[{"name":"wp","href":"https:\/\/api.w.org\/{rel}","templated":true}]}}