{"id":207961,"date":"2016-05-09T12:08:20","date_gmt":"2016-05-09T12:08:20","guid":{"rendered":"https:\/\/staging.laplanetedesenfants.com\/staging\/product\/ensemble-debardeur-short-minions\/"},"modified":"2016-05-09T12:08:20","modified_gmt":"2016-05-09T12:08:20","slug":"ensemble-debardeur-short-minions","status":"publish","type":"product","link":"https:\/\/staging.laplanetedesenfants.com\/staging\/produit\/ensemble-debardeur-short-minions\/","title":{"rendered":"Ensemble D\u00e9bardeur Short Minions"},"content":{"rendered":"<p>La Plan\u00e8te des Enfants vous propose cet <strong><span style=\"text-decoration:underline;\">Ensemble D\u00e9bardeur Short Minions.<\/span><\/strong> L&#8217;image est imprim\u00e9e \u00e0 l&#8217;avant et sur le bas du short. Col rond. Couleurs contrastantes. Mati\u00e8re: 100% coton. Entretien: Lavage \u00e0 40 \u00b0C.<\/p>\n","protected":false},"excerpt":{"rendered":"<p>La Plan\u00e8te des Enfants vous propose cet <strong><span style=\"text-decoration:underline;\">Ensemble D\u00e9bardeur Short Minions.<\/span><\/strong> L&#8217;image est imprim\u00e9e \u00e0 l&#8217;avant et sur le bas du short. Col rond. Couleurs contrastantes. Mati\u00e8re: 100% coton. Entretien: Lavage \u00e0 40 \u00b0C.<\/p>\n","protected":false},"featured_media":207955,"template":"","meta":[],"product_brand":[],"product_cat":[13483,13754,13525,13501,13534],"product_tag":[15315,14960,14615],"class_list":{"0":"post-207961","1":"product","2":"type-product","3":"status-publish","4":"has-post-thumbnail","6":"product_cat-accueil","7":"product_cat-ensembles","8":"product_cat-garcons","9":"product_cat-nouveautes","10":"product_cat-promos","11":"product_tag-ensemble-debardeur-short","12":"product_tag-ensemble-debardeur-short-minions","13":"product_tag-minions","14":"pa_couleur-bleu","15":"pa_couleur-jaune","16":"pa_genre-garcon","17":"pa_taille-10ans_140cm","18":"pa_taille-4ans_104cm","19":"pa_taille-5ans_110cm","20":"pa_taille-6ans_116cm","21":"pa_taille-8ans_128cm","23":"first","24":"instock","25":"sale","26":"shipping-taxable","27":"purchasable","28":"product-type-variable","29":"has-default-attributes"},"_links":{"self":[{"href":"https:\/\/staging.laplanetedesenfants.com\/staging\/wp-json\/wp\/v2\/product\/207961","targetHints":{"allow":["GET"]}}],"collection":[{"href":"https:\/\/staging.laplanetedesenfants.com\/staging\/wp-json\/wp\/v2\/product"}],"about":[{"href":"https:\/\/staging.laplanetedesenfants.com\/staging\/wp-json\/wp\/v2\/types\/product"}],"version-history":[{"count":0,"href":"https:\/\/staging.laplanetedesenfants.com\/staging\/wp-json\/wp\/v2\/product\/207961\/revisions"}],"wp:featuredmedia":[{"embeddable":true,"href":"https:\/\/staging.laplanetedesenfants.com\/staging\/wp-json\/wp\/v2\/media\/207955"}],"wp:attachment":[{"href":"https:\/\/staging.laplanetedesenfants.com\/staging\/wp-json\/wp\/v2\/media?parent=207961"}],"wp:term":[{"taxonomy":"product_brand","embeddable":true,"href":"https:\/\/staging.laplanetedesenfants.com\/staging\/wp-json\/wp\/v2\/product_brand?post=207961"},{"taxonomy":"product_cat","embeddable":true,"href":"https:\/\/staging.laplanetedesenfants.com\/staging\/wp-json\/wp\/v2\/product_cat?post=207961"},{"taxonomy":"product_tag","embeddable":true,"href":"https:\/\/staging.laplanetedesenfants.com\/staging\/wp-json\/wp\/v2\/product_tag?post=207961"}],"curies":[{"name":"wp","href":"https:\/\/api.w.org\/{rel}","templated":true}]}}