{"id":215783,"date":"2016-06-17T16:27:25","date_gmt":"2016-06-17T16:27:25","guid":{"rendered":"https:\/\/staging.laplanetedesenfants.com\/staging\/product\/boxer-de-bain-cars\/"},"modified":"2016-06-17T16:27:25","modified_gmt":"2016-06-17T16:27:25","slug":"boxer-de-bain-cars","status":"publish","type":"product","link":"https:\/\/staging.laplanetedesenfants.com\/staging\/produit\/boxer-de-bain-cars\/","title":{"rendered":"Boxer Cars"},"content":{"rendered":"<p>La Plan\u00e8te des Enfants vous propose ce<span style=\"text-decoration:underline;\"><strong> Boxer Cars.<\/strong><\/span> Taille et finition \u00e9lastique. Lacets internes au niveau de la taille \u00e0 reserrer. Mati\u00e8re: 40% polyamide, 40% polyester, 20% elasthane. Entretien: lavage \u00e0 40 \u00b0C<\/p>\n","protected":false},"excerpt":{"rendered":"<p>La Plan\u00e8te des Enfants vous propose ce<span style=\"text-decoration:underline;\"><strong> Boxer Cars.<\/strong><\/span> Taille et finition \u00e9lastique. Lacets internes au niveau de la taille \u00e0 reserrer. Mati\u00e8re: 40% polyamide, 40% polyester, 20% elasthane. Entretien: lavage \u00e0 40 \u00b0C<\/p>\n","protected":false},"featured_media":215782,"template":"","meta":[],"product_brand":[],"product_cat":[13483,13525,13702,13501,13534,13720],"product_tag":[14605,14597,15454,14680,13440,13475,13477],"class_list":{"0":"post-215783","1":"product","2":"type-product","3":"status-publish","4":"has-post-thumbnail","6":"product_cat-accueil","7":"product_cat-garcons","8":"product_cat-maillots-de-bain","9":"product_cat-nouveautes","10":"product_cat-promos","11":"product_cat-slips-boxers","12":"product_tag-boxer","13":"product_tag-boxer-de-bain","14":"product_tag-boxer-de-bain-cars","15":"product_tag-cars","16":"product_tag-disney","17":"product_tag-maillot","18":"product_tag-maillot-de-bain","19":"pa_couleur-bleu","20":"pa_genre-garcon","21":"pa_taille-2_3ans","22":"pa_taille-4_5ans","23":"pa_taille-6_8ans","25":"first","26":"instock","27":"sale","28":"shipping-taxable","29":"purchasable","30":"product-type-variable","31":"has-default-attributes"},"_links":{"self":[{"href":"https:\/\/staging.laplanetedesenfants.com\/staging\/wp-json\/wp\/v2\/product\/215783","targetHints":{"allow":["GET"]}}],"collection":[{"href":"https:\/\/staging.laplanetedesenfants.com\/staging\/wp-json\/wp\/v2\/product"}],"about":[{"href":"https:\/\/staging.laplanetedesenfants.com\/staging\/wp-json\/wp\/v2\/types\/product"}],"version-history":[{"count":0,"href":"https:\/\/staging.laplanetedesenfants.com\/staging\/wp-json\/wp\/v2\/product\/215783\/revisions"}],"wp:featuredmedia":[{"embeddable":true,"href":"https:\/\/staging.laplanetedesenfants.com\/staging\/wp-json\/wp\/v2\/media\/215782"}],"wp:attachment":[{"href":"https:\/\/staging.laplanetedesenfants.com\/staging\/wp-json\/wp\/v2\/media?parent=215783"}],"wp:term":[{"taxonomy":"product_brand","embeddable":true,"href":"https:\/\/staging.laplanetedesenfants.com\/staging\/wp-json\/wp\/v2\/product_brand?post=215783"},{"taxonomy":"product_cat","embeddable":true,"href":"https:\/\/staging.laplanetedesenfants.com\/staging\/wp-json\/wp\/v2\/product_cat?post=215783"},{"taxonomy":"product_tag","embeddable":true,"href":"https:\/\/staging.laplanetedesenfants.com\/staging\/wp-json\/wp\/v2\/product_tag?post=215783"}],"curies":[{"name":"wp","href":"https:\/\/api.w.org\/{rel}","templated":true}]}}