{"id":215785,"date":"2016-06-17T16:27:25","date_gmt":"2016-06-17T16:27:25","guid":{"rendered":"https:\/\/staging.laplanetedesenfants.com\/staging\/product\/boxer-de-bain-cars-2\/"},"modified":"2016-06-17T16:27:25","modified_gmt":"2016-06-17T16:27:25","slug":"boxer-de-bain-cars-2","status":"publish","type":"product","link":"https:\/\/staging.laplanetedesenfants.com\/staging\/produit\/boxer-de-bain-cars-2\/","title":{"rendered":"Boxer Cars"},"content":{"rendered":"<p>La Plan\u00e8te des Enfants vous propose ce<span style=\"text-decoration:underline;\"><strong> Boxer Cars.<\/strong><\/span> Taille et finition \u00e9lastique. Lacets internes au niveau de la taille \u00e0 reserrer. Mati\u00e8re: 40% polyamide, 40% polyester, 20% elasthane. Entretien: lavage \u00e0 40 \u00b0C<\/p>\n","protected":false},"excerpt":{"rendered":"<p>La Plan\u00e8te des Enfants vous propose ce<span style=\"text-decoration:underline;\"><strong> Boxer Cars.<\/strong><\/span> Taille et finition \u00e9lastique. Lacets internes au niveau de la taille \u00e0 reserrer. Mati\u00e8re: 40% polyamide, 40% polyester, 20% elasthane. Entretien: lavage \u00e0 40 \u00b0C<\/p>\n","protected":false},"featured_media":215782,"template":"","meta":[],"product_brand":[],"product_cat":[13483],"product_tag":[14605,14597,15454,14680,13440,13475,13477],"class_list":{"0":"post-215785","1":"product","2":"type-product","3":"status-publish","4":"has-post-thumbnail","6":"product_cat-accueil","7":"product_tag-boxer","8":"product_tag-boxer-de-bain","9":"product_tag-boxer-de-bain-cars","10":"product_tag-cars","11":"product_tag-disney","12":"product_tag-maillot","13":"product_tag-maillot-de-bain","15":"first","16":"instock","17":"sale","18":"shipping-taxable","19":"purchasable","20":"product-type-variable","21":"has-default-attributes"},"_links":{"self":[{"href":"https:\/\/staging.laplanetedesenfants.com\/staging\/wp-json\/wp\/v2\/product\/215785","targetHints":{"allow":["GET"]}}],"collection":[{"href":"https:\/\/staging.laplanetedesenfants.com\/staging\/wp-json\/wp\/v2\/product"}],"about":[{"href":"https:\/\/staging.laplanetedesenfants.com\/staging\/wp-json\/wp\/v2\/types\/product"}],"version-history":[{"count":0,"href":"https:\/\/staging.laplanetedesenfants.com\/staging\/wp-json\/wp\/v2\/product\/215785\/revisions"}],"wp:featuredmedia":[{"embeddable":true,"href":"https:\/\/staging.laplanetedesenfants.com\/staging\/wp-json\/wp\/v2\/media\/215782"}],"wp:attachment":[{"href":"https:\/\/staging.laplanetedesenfants.com\/staging\/wp-json\/wp\/v2\/media?parent=215785"}],"wp:term":[{"taxonomy":"product_brand","embeddable":true,"href":"https:\/\/staging.laplanetedesenfants.com\/staging\/wp-json\/wp\/v2\/product_brand?post=215785"},{"taxonomy":"product_cat","embeddable":true,"href":"https:\/\/staging.laplanetedesenfants.com\/staging\/wp-json\/wp\/v2\/product_cat?post=215785"},{"taxonomy":"product_tag","embeddable":true,"href":"https:\/\/staging.laplanetedesenfants.com\/staging\/wp-json\/wp\/v2\/product_tag?post=215785"}],"curies":[{"name":"wp","href":"https:\/\/api.w.org\/{rel}","templated":true}]}}