{"id":261556,"date":"2017-06-01T15:28:58","date_gmt":"2017-06-01T15:28:58","guid":{"rendered":"https:\/\/staging.laplanetedesenfants.com\/staging\/product\/debardeur-en-coton-garcon-spiderman-2\/"},"modified":"2017-06-01T15:28:58","modified_gmt":"2017-06-01T15:28:58","slug":"debardeur-en-coton-garcon-spiderman-2","status":"publish","type":"product","link":"https:\/\/staging.laplanetedesenfants.com\/staging\/produit\/debardeur-en-coton-garcon-spiderman-2\/","title":{"rendered":"D\u00e9bardeur en coton Gar\u00e7on Spiderman"},"content":{"rendered":"<p>La Plan\u00e8te des Enfants vous propose ce <span style=\"text-decoration:underline;\"><strong>D\u00e9bardeur Spiderman <\/strong><\/span>au col rond. Couleurs contrastantes. L&#8217;image du h\u00e9ros est imprim\u00e9e au devant du <span style=\"text-decoration:underline;\"><strong>D\u00e9bardeur Spiderman <\/strong><\/span>.<br \/>Mati\u00e8re: 100% coton.<br \/>Entretien: Lavage \u00e0 40\u00b0C<\/p>\n","protected":false},"excerpt":{"rendered":"<p>La Plan\u00e8te des Enfants vous propose ce <span style=\"text-decoration:underline;\"><strong>D\u00e9bardeur Spiderman <\/strong><\/span>au col rond. Couleurs contrastantes. L&#8217;image du h\u00e9ros est imprim\u00e9e au devant du <span style=\"text-decoration:underline;\"><strong>D\u00e9bardeur Spiderman <\/strong><\/span>.<br \/>Mati\u00e8re: 100% coton.<br \/>Entretien: Lavage \u00e0 40\u00b0C<\/p>\n","protected":false},"featured_media":261477,"template":"","meta":[],"product_brand":[],"product_cat":[13483],"product_tag":[14578,14579,14881,13741,13740,14642,15158,15159,14643,13736,13738],"class_list":{"0":"post-261556","1":"product","2":"type-product","3":"status-publish","4":"has-post-thumbnail","6":"product_cat-accueil","7":"product_tag-debardeur","8":"product_tag-debardeurs","9":"product_tag-les-tortues-ninjas","10":"product_tag-manche-courte","11":"product_tag-manches-courtes","12":"product_tag-marvel","13":"product_tag-mickey-mouse","14":"product_tag-poncho-mickey-mousse","15":"product_tag-spiderman","16":"product_tag-t-shirt","17":"product_tag-tee-shirt","19":"first","20":"instock","21":"sale","22":"shipping-taxable","23":"purchasable","24":"product-type-variable","25":"has-default-attributes"},"_links":{"self":[{"href":"https:\/\/staging.laplanetedesenfants.com\/staging\/wp-json\/wp\/v2\/product\/261556","targetHints":{"allow":["GET"]}}],"collection":[{"href":"https:\/\/staging.laplanetedesenfants.com\/staging\/wp-json\/wp\/v2\/product"}],"about":[{"href":"https:\/\/staging.laplanetedesenfants.com\/staging\/wp-json\/wp\/v2\/types\/product"}],"version-history":[{"count":0,"href":"https:\/\/staging.laplanetedesenfants.com\/staging\/wp-json\/wp\/v2\/product\/261556\/revisions"}],"wp:featuredmedia":[{"embeddable":true,"href":"https:\/\/staging.laplanetedesenfants.com\/staging\/wp-json\/wp\/v2\/media\/261477"}],"wp:attachment":[{"href":"https:\/\/staging.laplanetedesenfants.com\/staging\/wp-json\/wp\/v2\/media?parent=261556"}],"wp:term":[{"taxonomy":"product_brand","embeddable":true,"href":"https:\/\/staging.laplanetedesenfants.com\/staging\/wp-json\/wp\/v2\/product_brand?post=261556"},{"taxonomy":"product_cat","embeddable":true,"href":"https:\/\/staging.laplanetedesenfants.com\/staging\/wp-json\/wp\/v2\/product_cat?post=261556"},{"taxonomy":"product_tag","embeddable":true,"href":"https:\/\/staging.laplanetedesenfants.com\/staging\/wp-json\/wp\/v2\/product_tag?post=261556"}],"curies":[{"name":"wp","href":"https:\/\/api.w.org\/{rel}","templated":true}]}}