{"id":269677,"date":"2017-10-23T11:34:36","date_gmt":"2017-10-23T11:34:36","guid":{"rendered":"https:\/\/staging.laplanetedesenfants.com\/staging\/product\/bonnet-a-pompon-sam-le-pompier\/"},"modified":"2017-10-23T11:34:36","modified_gmt":"2017-10-23T11:34:36","slug":"bonnet-a-pompon-sam-le-pompier","status":"publish","type":"product","link":"https:\/\/staging.laplanetedesenfants.com\/staging\/produit\/bonnet-a-pompon-sam-le-pompier\/","title":{"rendered":"Bonnet \u00e0 Pompon Sam Le Pompier"},"content":{"rendered":"<p>La Plan\u00e8te des Enfants vous propose ce bonnet \u00e0 pompon sam le pompier<br \/>Celui-ci a son image brod\u00e9e au devant du bonnet qui garantie une tenue parfaite tout au long de son utilisation.<\/p>\n<p>\u00b7 Taille Unique<br \/>\u00b7 Mati\u00e8re: 100% acrylique<br \/>\u00b7 Entretien: Lavage \u00e0 40\u00b0C.<\/p>\n","protected":false},"excerpt":{"rendered":"<p>La Plan\u00e8te des Enfants vous propose ce bonnet \u00e0 pompon sam le pompier<br \/>Celui-ci a son image brod\u00e9e au devant du bonnet qui garantie une tenue parfaite tout au long de son utilisation.<\/p>\n<p>\u00b7 Taille Unique<br \/>\u00b7 Mati\u00e8re: 100% acrylique<br \/>\u00b7 Entretien: Lavage \u00e0 40\u00b0C.<\/p>\n","protected":false},"featured_media":269671,"template":"","meta":[],"product_brand":[],"product_cat":[13483],"product_tag":[13454,16366,16365],"class_list":{"0":"post-269677","1":"product","2":"type-product","3":"status-publish","4":"has-post-thumbnail","6":"product_cat-accueil","7":"product_tag-bonnet-a-pompon","8":"product_tag-bonnet-a-pompon-sam-le-pompier","9":"product_tag-sam-le-pompier","11":"first","12":"instock","13":"shipping-taxable","14":"purchasable","15":"product-type-variable","16":"has-default-attributes"},"_links":{"self":[{"href":"https:\/\/staging.laplanetedesenfants.com\/staging\/wp-json\/wp\/v2\/product\/269677","targetHints":{"allow":["GET"]}}],"collection":[{"href":"https:\/\/staging.laplanetedesenfants.com\/staging\/wp-json\/wp\/v2\/product"}],"about":[{"href":"https:\/\/staging.laplanetedesenfants.com\/staging\/wp-json\/wp\/v2\/types\/product"}],"version-history":[{"count":0,"href":"https:\/\/staging.laplanetedesenfants.com\/staging\/wp-json\/wp\/v2\/product\/269677\/revisions"}],"wp:featuredmedia":[{"embeddable":true,"href":"https:\/\/staging.laplanetedesenfants.com\/staging\/wp-json\/wp\/v2\/media\/269671"}],"wp:attachment":[{"href":"https:\/\/staging.laplanetedesenfants.com\/staging\/wp-json\/wp\/v2\/media?parent=269677"}],"wp:term":[{"taxonomy":"product_brand","embeddable":true,"href":"https:\/\/staging.laplanetedesenfants.com\/staging\/wp-json\/wp\/v2\/product_brand?post=269677"},{"taxonomy":"product_cat","embeddable":true,"href":"https:\/\/staging.laplanetedesenfants.com\/staging\/wp-json\/wp\/v2\/product_cat?post=269677"},{"taxonomy":"product_tag","embeddable":true,"href":"https:\/\/staging.laplanetedesenfants.com\/staging\/wp-json\/wp\/v2\/product_tag?post=269677"}],"curies":[{"name":"wp","href":"https:\/\/api.w.org\/{rel}","templated":true}]}}