{"id":336222,"date":"2020-08-19T10:51:38","date_gmt":"2020-08-19T10:51:38","guid":{"rendered":"https:\/\/staging.laplanetedesenfants.com\/staging\/product\/boite-a-gouter-paris-saint-germain-2\/"},"modified":"2020-08-19T10:51:38","modified_gmt":"2020-08-19T10:51:38","slug":"boite-a-gouter-paris-saint-germain-2","status":"publish","type":"product","link":"https:\/\/staging.laplanetedesenfants.com\/staging\/produit\/boite-a-gouter-paris-saint-germain-2\/","title":{"rendered":"Bo\u00eete \u00e0 go\u00fbter  Paris Saint Germain"},"content":{"rendered":"<h3><strong>Bo\u00eete \u00e0 go\u00fbter\u00a0 Paris Saint Germain\u00a0en PVC<\/strong><\/h3>\n<p>Dimension boite :\u00a016.5 x\u00a011 x 6 cm\u00a0<\/p>\n","protected":false},"excerpt":{"rendered":"<h3><strong>Bo\u00eete \u00e0 go\u00fbter\u00a0 Paris Saint Germain\u00a0en PVC<\/strong><\/h3>\n<p>Dimension boite :\u00a016.5 x\u00a011 x 6 cm\u00a0<\/p>\n","protected":false},"featured_media":336220,"template":"","meta":[],"product_brand":[],"product_cat":[13486,13781,13489],"product_tag":[15619,17874,16499,15617],"class_list":{"0":"post-336222","1":"product","2":"type-product","3":"status-publish","4":"has-post-thumbnail","6":"product_cat-accessoires","7":"product_cat-boites-a-gouter","8":"product_cat-maison","9":"product_tag-boite-a-gouter","10":"product_tag-boite-a-gouter-paris-saint-germ","11":"product_tag-paris-saint-germain","12":"product_tag-psg","14":"first","15":"instock","16":"sale","17":"shipping-taxable","18":"purchasable","19":"product-type-simple"},"_links":{"self":[{"href":"https:\/\/staging.laplanetedesenfants.com\/staging\/wp-json\/wp\/v2\/product\/336222","targetHints":{"allow":["GET"]}}],"collection":[{"href":"https:\/\/staging.laplanetedesenfants.com\/staging\/wp-json\/wp\/v2\/product"}],"about":[{"href":"https:\/\/staging.laplanetedesenfants.com\/staging\/wp-json\/wp\/v2\/types\/product"}],"version-history":[{"count":0,"href":"https:\/\/staging.laplanetedesenfants.com\/staging\/wp-json\/wp\/v2\/product\/336222\/revisions"}],"wp:featuredmedia":[{"embeddable":true,"href":"https:\/\/staging.laplanetedesenfants.com\/staging\/wp-json\/wp\/v2\/media\/336220"}],"wp:attachment":[{"href":"https:\/\/staging.laplanetedesenfants.com\/staging\/wp-json\/wp\/v2\/media?parent=336222"}],"wp:term":[{"taxonomy":"product_brand","embeddable":true,"href":"https:\/\/staging.laplanetedesenfants.com\/staging\/wp-json\/wp\/v2\/product_brand?post=336222"},{"taxonomy":"product_cat","embeddable":true,"href":"https:\/\/staging.laplanetedesenfants.com\/staging\/wp-json\/wp\/v2\/product_cat?post=336222"},{"taxonomy":"product_tag","embeddable":true,"href":"https:\/\/staging.laplanetedesenfants.com\/staging\/wp-json\/wp\/v2\/product_tag?post=336222"}],"curies":[{"name":"wp","href":"https:\/\/api.w.org\/{rel}","templated":true}]}}