{"id":414550,"date":"2024-05-07T16:00:57","date_gmt":"2024-05-07T16:00:57","guid":{"rendered":"https:\/\/staging.laplanetedesenfants.com\/staging\/product\/maillot-de-bain-harry-potter\/"},"modified":"2024-05-07T16:00:57","modified_gmt":"2024-05-07T16:00:57","slug":"maillot-de-bain-harry-potter","status":"publish","type":"product","link":"https:\/\/staging.laplanetedesenfants.com\/staging\/produit\/maillot-de-bain-harry-potter\/","title":{"rendered":"Maillot de bain Harry Potter"},"content":{"rendered":"<p>Mati\u00e8re principale: 85% Polyester , 15% \u00e9lasthane\u00a0<\/p>\n","protected":false},"excerpt":{"rendered":"<p>La Plan\u00e8te des Enfants vous propose ce Maillot de bain Harry Potter .<strong><\/strong>\u00a0Taille et finition \u00e9lastique. Lacets internes au niveau de la taille \u00e0 reserrer. Mati\u00e8re:85% polyester, 15% elasthane. Entretien: lavage \u00e0 40 \u00b0C<\/p>\n","protected":false},"featured_media":414548,"template":"","meta":[],"product_brand":[],"product_cat":[13486,13483,13507,13525,13702,13501,13510,13504],"product_tag":[14605,14597,14606,16581,20616],"class_list":{"0":"post-414550","1":"product","2":"type-product","3":"status-publish","4":"has-post-thumbnail","6":"product_cat-accessoires","7":"product_cat-accueil","8":"product_cat-ete","9":"product_cat-garcons","10":"product_cat-maillots-de-bain","11":"product_cat-nouveautes","12":"product_cat-plage","13":"product_cat-tous-les-produits","14":"product_tag-boxer","15":"product_tag-boxer-de-bain","16":"product_tag-boxers","17":"product_tag-harry-potter","18":"product_tag-maillot-de-bain-harry-potter","19":"pa_genre-garcon","20":"pa_taille-10_12ans","21":"pa_taille-4_5ans","22":"pa_taille-6_8ans","24":"first","25":"instock","26":"sale","27":"shipping-taxable","28":"purchasable","29":"product-type-variable","30":"has-default-attributes"},"_links":{"self":[{"href":"https:\/\/staging.laplanetedesenfants.com\/staging\/wp-json\/wp\/v2\/product\/414550","targetHints":{"allow":["GET"]}}],"collection":[{"href":"https:\/\/staging.laplanetedesenfants.com\/staging\/wp-json\/wp\/v2\/product"}],"about":[{"href":"https:\/\/staging.laplanetedesenfants.com\/staging\/wp-json\/wp\/v2\/types\/product"}],"version-history":[{"count":0,"href":"https:\/\/staging.laplanetedesenfants.com\/staging\/wp-json\/wp\/v2\/product\/414550\/revisions"}],"wp:featuredmedia":[{"embeddable":true,"href":"https:\/\/staging.laplanetedesenfants.com\/staging\/wp-json\/wp\/v2\/media\/414548"}],"wp:attachment":[{"href":"https:\/\/staging.laplanetedesenfants.com\/staging\/wp-json\/wp\/v2\/media?parent=414550"}],"wp:term":[{"taxonomy":"product_brand","embeddable":true,"href":"https:\/\/staging.laplanetedesenfants.com\/staging\/wp-json\/wp\/v2\/product_brand?post=414550"},{"taxonomy":"product_cat","embeddable":true,"href":"https:\/\/staging.laplanetedesenfants.com\/staging\/wp-json\/wp\/v2\/product_cat?post=414550"},{"taxonomy":"product_tag","embeddable":true,"href":"https:\/\/staging.laplanetedesenfants.com\/staging\/wp-json\/wp\/v2\/product_tag?post=414550"}],"curies":[{"name":"wp","href":"https:\/\/api.w.org\/{rel}","templated":true}]}}